common divisor of 442 and 598.
26
Calculate the greatest common divisor of 302 and 2567.
151
Calculate the highest common factor of 1034 and 22.
22
Calculate the highest common divisor of 38 and 63422.
38
Calculate the greatest common divisor of 25 and 800.
25
What is the highest common divisor of 51 and 170?
17
What is the greatest common divisor of 69 and 249?
3
Calculate the greatest common factor of 360 and 2610.
90
Calculate the greatest common divisor of 20 and 215.
5
What is the greatest common divisor of 35383 and 82?
41
Calculate the highest common factor of 16675 and 50.
25
Calculate the greatest common divisor of 44880 and 170.
170
What is the greatest common divisor of 511 and 292?
73
Calculate the greatest common divisor of 341 and 176.
11
Calculate the greatest common divisor of 12 and 444.
12
Calculate the greatest common divisor of 27 and 639.
9
Calculate the greatest common factor of 1456 and 104.
104
Calculate the greatest common factor of 75 and 925.
25
Calculate the greatest common factor of 145 and 841.
29
Calculate the highest common factor of 110 and 99.
11
What is the highest common divisor of 498 and 6?
6
Calculate the greatest common factor of 6270 and 342.
114
What is the greatest common divisor of 18 and 1278?
18
Calculate the greatest common divisor of 145 and 15.
5
Calculate the highest common factor of 110 and 31460.
110
Calculate the highest common factor of 28 and 3290.
14
What is the greatest common factor of 11616 and 6?
6
Calculate the highest common factor of 99 and 45.
9
What is the greatest common factor of 58 and 43094?
58
Calculate the greatest common divisor of 90 and 3.
3
What is the highest common factor of 3267 and 121?
121
What is the greatest common divisor of 27 and 177?
3
What is the highest common factor of 188 and 141?
47
What is the highest common divisor of 1150 and 50?
50
Calculate the greatest common factor of 3610 and 90.
10
Calculate the greatest common divisor of 2093 and 7.
7
Calculate the highest common divisor of 1105 and 85.
85
Calculate the highest common factor of 73 and 135634.
73
What is the greatest common factor of 1615 and 187?
17
Calculate the highest common divisor of 59 and 944.
59
Calculate the highest common divisor of 112 and 7.
7
Calculate the highest common factor of 10 and 485.
5
What is the greatest common divisor of 15 and 1005?
15
What is the highest common divisor of 4935 and 1890?
105
What is the greatest common factor of 12 and 348?
12
What is the highest common factor of 2193 and 3612?
129
Calculate the highest common divisor of 314 and 38.
2
Calculate the highest common divisor of 7390 and 10.
10
What is the highest common divisor of 270 and 3930?
30
What is the highest common factor of 1288 and 280?
56
What is the highest common factor of 126 and 162?
18
Calculate the highest common divisor of 256 and 80.
16
Calculate the highest common factor of 272 and 1064.
8
What is the highest common divisor of 2325 and 150?
75
Calculate the highest common factor of 329 and 846.
47
What is the greatest common factor of 321 and 72?
3
Calculate the greatest common factor of 343 and 98.
49
Calculate the greatest common divisor of 178 and 1691.
89
What is the highest common factor of 24 and 536?
8
Calculate the highest common divisor of 374 and 22.
22
Calculate the greatest common factor of 726 and 3.
3
Calculate the highest common factor of 16 and 1400.
8
What is the greatest common factor of 255 and 45?
15
Calculate the greatest common divisor of 23 and 3473.
23
Calculate the highest common divisor of 73 and 657.
73
Calculate the greatest common factor of 2257 and 481.
37
What is the highest common factor of 10179 and 189?
27
Calculate the highest common divisor of 561 and 264.
33
What is the highest common divisor of 1710 and 6650?
190
Calculate the greatest common divisor of 30 and 240.
30
Calculate the highest common divisor of 322 and 14.
14
What is the highest common divisor of 112 and 266?
14
Calculate the highest common divisor of 73 and 69569.
73
What is the greatest common factor of 132 and 242?
22
What is the greatest common factor of 60 and 540?
60
Calculate the highest common divisor of 20 and 1060.
20
Calculate the highest common divisor of 128 and 8.
8
Calculate the greatest common divisor of 198 and 4026.
66
What is the highest common divisor of 104 and 182?
26
What is the greatest common factor of 20 and 410?
10
What is the greatest common divisor of 234 and 204?
6
What is the highest common divisor of 1240 and 920?
40
Calculate the highest common divisor of 36 and 384.
12
Calculate the greatest common factor of 442 and 52.
26
Calculate the highest common divisor of 3 and 834.
3
What is the greatest common factor of 10596 and 12?
12
Calculate the highest common factor of 4 and 27.
1
What is the highest common factor of 153 and 4131?
153
What is the highest common divisor of 171 and 63?
9
Calculate the greatest common factor of 2114 and 28.
14
Calculate the greatest common divisor of 162 and 1863.
81
What is the greatest common factor of 20 and 4390?
10
What is the greatest common divisor of 5192 and 66?
22
Calculate the greatest common divisor of 106 and 477.
53
Calculate the greatest common divisor of 212 and 1060.
212
Calculate the greatest common divisor of 728 and 312.
104
What is the greatest common factor of 36 and 20?
4
What is the highest common divisor of 441 and 63?
63
What is the greatest common factor of 17670 and 38?
38
What is the highest common factor of 572 and 132?
44
Calculate the greatest common factor of 76 and 247.
19
Calculate the greatest common divisor of 1912 and 6453.
239
What is the highest common divisor of 14059 and 68?
17
What is the highest common divisor of 6 and 4689?
3
What is the highest common divisor of 28 and 36988?
28
What is the greatest common factor of 837 and 27?
27
Calculate the highest common divisor of 917 and 14.
7
What is the greatest common divisor of 91 and 7?
7
Calculate the highest common factor of 144 and 198.
18
Calculate the highest common divisor of 2424 and 24.
24
What is the greatest common factor of 18 and 1152?
18
Calculate the greatest common factor of 16 and 36.
4
What is the highest common divisor of 108 and 48?
12
Calculate the highest common divisor of 6859 and 19.
19
What is the greatest common divisor of 5726 and 98?
14
Calculate the highest common factor of 12 and 236.
4
What is the highest common factor of 49 and 1421?
49
What is the highest common divisor of 948 and 12?
12
What is the greatest common divisor of 28 and 7672?
28
What is the greatest common divisor of 182 and 14?
14
Calculate the greatest common divisor of 28984 and 8.
8
Calculate the greatest common divisor of 40 and 536.
8
Calculate the greatest common divisor of 34 and 816.
34
What is the greatest common divisor of 40 and 6280?
40
Calculate the greatest common divisor of 3 and 5331.
3
Calculate the highest common divisor of 47 and 7191.
47
Calculate the greatest common divisor of 4075 and 163.
163
What is the highest common divisor of 48 and 66?
6
Calculate the greatest common divisor of 368 and 20.
4
Calculate the highest common factor of 143 and 209.
11
Calculate the greatest common factor of 195 and 650.
65
What is the highest common factor of 1664 and 368?
16
What is the greatest common factor of 111 and 148?
37
Calculate the highest common factor of 213 and 1633.
71
Calculate the highest common factor of 14 and 42.
14
What is the greatest common divisor of 116820 and 15?
15
Calculate the greatest common divisor of 138 and 897.
69
What is the highest common factor of 200 and 160?
40
What is the highest common divisor of 243 and 5778?
27
What is the greatest common divisor of 68 and 1836?
68
What is the highest common factor of 170 and 1173?
17
Calculate the greatest common factor of 11 and 34969.
11
What is the highest common factor of 210 and 357?
21
Calculate the greatest common factor of 40 and 776.
8
Calculate the greatest common divisor of 135 and 621.
27
Calculate the greatest common factor of 490 and 4690.
70
Calculate the greatest common divisor of 16 and 370.
2
What is the greatest common divisor of 124 and 1829?
31
What is the highest common divisor of 1892 and 2596?
44
Calculate the highest common div